{"id":4269,"date":"2021-04-06T22:35:35","date_gmt":"2021-04-06T22:35:35","guid":{"rendered":"http:\/\/1tile.store\/?page_id=4269"},"modified":"2024-11-12T13:58:25","modified_gmt":"2024-11-12T12:58:25","slug":"sprawdz-status-zamowienia","status":"publish","type":"page","link":"https:\/\/1tile.store\/upcycling%20art\/sprawdz-status-zamowienia\/","title":{"rendered":"Sprawd\u017a status zam\u00f3wienia"},"content":{"rendered":"\n<div class=\"wp-block-group alignfull has-white-background-color has-background is-layout-flow wp-block-group-is-layout-flow\"><div class=\"wp-block-group__inner-container\">\n<h1 class=\"wp-block-heading has-text-align-center has-vivid-cyan-blue-color has-text-color has-link-color has-large-font-size wp-elements-0208bd6f668725aa67bfdb39249e5f0b\">Prze\u015bled\u017a status swojego zam\u00f3wienia:<\/h1>\n<\/div><\/div>\n\n\n\n<div class=\"wp-block-group alignfull has-background is-layout-flow wp-block-group-is-layout-flow\" style=\"background-color:#f8f6f3\"><div class=\"wp-block-group__inner-container\">\n<div class=\"wp-block-columns are-vertically-aligned-center is-layout-flex wp-container-core-columns-is-layout-28f84493 wp-block-columns-is-layout-flex\">\n<div class=\"wp-block-column is-vertically-aligned-center is-layout-flow wp-block-column-is-layout-flow\" style=\"flex-basis:10%\"><\/div>\n\n\n\n<div class=\"wp-block-column is-vertically-aligned-center is-layout-flow wp-block-column-is-layout-flow\" style=\"flex-basis:80%\"><div class=\"woocommerce\"><\/div>\n<\/div>\n\n\n\n<div class=\"wp-block-column is-vertically-aligned-center is-layout-flow wp-block-column-is-layout-flow\" style=\"flex-basis:10%\"><\/div>\n<\/div>\n\n\n\n<p><\/p>\n<\/div><\/div>\n\n\n\n<div class=\"wp-block-cover alignfull is-light\" style=\"min-height:750px;aspect-ratio:unset;\"><span aria-hidden=\"true\" class=\"wp-block-cover__background has-white-background-color has-background-dim-70 has-background-dim\"><\/span><img data-recalc-dims=\"1\" decoding=\"async\" class=\"wp-block-cover__image-background wp-image-3627\" alt=\"\" src=\"https:\/\/i0.wp.com\/1tile.store\/wp-content\/uploads\/2020\/09\/leaves-bg.jpg\" style=\"object-position:65% 70%\" data-object-fit=\"cover\" data-object-position=\"65% 70%\"\/><div class=\"wp-block-cover__inner-container is-layout-flow wp-block-cover-is-layout-flow\">\n<h2 class=\"wp-block-heading has-text-align-center has-vivid-cyan-blue-color has-text-color has-medium-font-size\">Cz\u0119ste pytania o przesy\u0142ki<\/h2>\n\n\n\n<figure class=\"wp-block-image aligncenter size-thumbnail is-resized is-style-default\"><img data-recalc-dims=\"1\" loading=\"lazy\" decoding=\"async\" width=\"150\" height=\"100\" src=\"https:\/\/i0.wp.com\/1tile.store\/wp-content\/uploads\/2024\/07\/przetwnik.jpg?resize=150%2C100&#038;ssl=1\" alt=\"\" class=\"wp-image-5284\" style=\"aspect-ratio:16\/9;object-fit:cover;width:50px\" srcset=\"https:\/\/i0.wp.com\/1tile.store\/wp-content\/uploads\/2024\/07\/przetwnik.jpg?resize=150%2C100&amp;ssl=1 150w, https:\/\/i0.wp.com\/1tile.store\/wp-content\/uploads\/2024\/07\/przetwnik.jpg?zoom=2&amp;resize=150%2C100&amp;ssl=1 300w\" sizes=\"auto, (max-width: 150px) 100vw, 150px\" \/><\/figure>\n\n\n\n<div class=\"wp-block-columns are-vertically-aligned-top is-layout-flex wp-container-core-columns-is-layout-28f84493 wp-block-columns-is-layout-flex\">\n<div class=\"wp-block-column is-vertically-aligned-top is-layout-flow wp-block-column-is-layout-flow\">\n<div class=\"wp-block-group is-layout-flow wp-block-group-is-layout-flow\"><div class=\"wp-block-group__inner-container\">\n<h5 class=\"wp-block-heading has-vivid-red-color has-text-color\"><strong>Jakim kurierem wysy\u0142ane s\u0105 paczki?<\/strong><\/h5>\n\n\n\n<p class=\"has-vivid-cyan-blue-color has-text-color\">najch\u0119tniej paczki wysy\u0142amy do wybranego paczkomatu lub kurierem DHL, ewentualnie Poczt\u0105 Polsk\u0105 <\/p>\n\n\n\n<h5 class=\"wp-block-heading has-vivid-red-color has-text-color\"><strong>Jak sprawdzi\u0107 status przesy\u0142ki na stronie przewo\u017anika? <\/strong><\/h5>\n\n\n\n<p class=\"has-vivid-cyan-blue-color has-text-color\">wystarczy wprowadzi\u0107 numer przesy\u0142ki w wyszukiwark\u0119 na stronie przewo\u017cnika <\/p>\n<\/div><\/div>\n<\/div>\n\n\n\n<div class=\"wp-block-column is-vertically-aligned-top is-layout-flow wp-block-column-is-layout-flow\">\n<div class=\"wp-block-group is-layout-flow wp-block-group-is-layout-flow\"><div class=\"wp-block-group__inner-container\">\n<h5 class=\"wp-block-heading has-vivid-red-color has-text-color\"><strong>Sk\u0105d wzi\u0105\u0107 numer przesy\u0142ki do \u015bledzenia paczki na stronie przewoznika?<\/strong><\/h5>\n\n\n\n<p class=\"has-vivid-cyan-blue-color has-text-color\">powinien by\u0107 w mailu informuj\u0105cym o nadaniu przesy\u0142ki<\/p>\n\n\n\n<h5 class=\"wp-block-heading has-vivid-red-color has-text-color\"><strong>Jak d\u0142ugo trzeba czeka\u0107 na dostaw\u0119?<\/strong><\/h5>\n\n\n\n<p class=\"has-vivid-cyan-blue-color has-text-color\">Przewa\u017cnie do 3 dni roboczych o ile nie jest to zam\u00f3wienie indywidualne<\/p>\n<\/div><\/div>\n<\/div>\n<\/div>\n<\/div><\/div>\n","protected":false},"excerpt":{"rendered":"<p>Prze\u015bled\u017a status swojego zam\u00f3wienia:<\/p>\n","protected":false},"author":1,"featured_media":0,"parent":0,"menu_order":0,"comment_status":"closed","ping_status":"closed","template":"","meta":{"_uag_custom_page_level_css":"","site-sidebar-layout":"no-sidebar","site-content-layout":"plain-container","ast-site-content-layout":"normal-width-container","site-content-style":"unboxed","site-sidebar-style":"unboxed","ast-global-header-display":"","ast-banner-title-visibility":"","ast-main-header-display":"","ast-hfb-above-header-display":"","ast-hfb-below-header-display":"","ast-hfb-mobile-header-display":"","site-post-title":"disabled","ast-breadcrumbs-content":"","ast-featured-img":"disabled","footer-sml-layout":"","ast-disable-related-posts":"","theme-transparent-header-meta":"default","adv-header-id-meta":"","stick-header-meta":"default","header-above-stick-meta":"","header-main-stick-meta":"","header-below-stick-meta":"","astra-migrate-meta-layouts":"set","ast-page-background-enabled":"default","ast-page-background-meta":{"desktop":{"background-color":"","background-image":"","background-repeat":"repeat","background-position":"center center","background-size":"auto","background-attachment":"scroll","background-type":"","background-media":"","overlay-type":"","overlay-color":"","overlay-opacity":"","overlay-gradient":""},"tablet":{"background-color":"","background-image":"","background-repeat":"repeat","background-position":"center center","background-size":"auto","background-attachment":"scroll","background-type":"","background-media":"","overlay-type":"","overlay-color":"","overlay-opacity":"","overlay-gradient":""},"mobile":{"background-color":"","background-image":"","background-repeat":"repeat","background-position":"center center","background-size":"auto","background-attachment":"scroll","background-type":"","background-media":"","overlay-type":"","overlay-color":"","overlay-opacity":"","overlay-gradient":""}},"ast-content-background-meta":{"desktop":{"background-color":"var(--ast-global-color-5)","background-image":"","background-repeat":"repeat","background-position":"center center","background-size":"auto","background-attachment":"scroll","background-type":"","background-media":"","overlay-type":"","overlay-color":"","overlay-opacity":"","overlay-gradient":""},"tablet":{"background-color":"var(--ast-global-color-5)","background-image":"","background-repeat":"repeat","background-position":"center center","background-size":"auto","background-attachment":"scroll","background-type":"","background-media":"","overlay-type":"","overlay-color":"","overlay-opacity":"","overlay-gradient":""},"mobile":{"background-color":"var(--ast-global-color-5)","background-image":"","background-repeat":"repeat","background-position":"center center","background-size":"auto","background-attachment":"scroll","background-type":"","background-media":"","overlay-type":"","overlay-color":"","overlay-opacity":"","overlay-gradient":""}},"footnotes":""},"class_list":["post-4269","page","type-page","status-publish","hentry"],"uagb_featured_image_src":{"full":false,"thumbnail":false,"medium":false,"medium_large":false,"large":false,"gs-tiny":false,"xl":false,"xxl":false,"xxxl":false,"xxxxl":false,"xxxxxl":false,"1536x1536":false,"2048x2048":false,"woocommerce_thumbnail":false,"woocommerce_single":false,"woocommerce_gallery_thumbnail":false},"uagb_author_info":{"display_name":"Edyta Wo\u017aniak","author_link":"https:\/\/1tile.store\/upcycling%20art\/author\/gmee0oil\/"},"uagb_comment_info":0,"uagb_excerpt":"Prze\u015bled\u017a status swojego zam\u00f3wienia:","_links":{"self":[{"href":"https:\/\/1tile.store\/upcycling%20art\/wp-json\/wp\/v2\/pages\/4269","targetHints":{"allow":["GET"]}}],"collection":[{"href":"https:\/\/1tile.store\/upcycling%20art\/wp-json\/wp\/v2\/pages"}],"about":[{"href":"https:\/\/1tile.store\/upcycling%20art\/wp-json\/wp\/v2\/types\/page"}],"author":[{"embeddable":true,"href":"https:\/\/1tile.store\/upcycling%20art\/wp-json\/wp\/v2\/users\/1"}],"replies":[{"embeddable":true,"href":"https:\/\/1tile.store\/upcycling%20art\/wp-json\/wp\/v2\/comments?post=4269"}],"version-history":[{"count":2,"href":"https:\/\/1tile.store\/upcycling%20art\/wp-json\/wp\/v2\/pages\/4269\/revisions"}],"predecessor-version":[{"id":5637,"href":"https:\/\/1tile.store\/upcycling%20art\/wp-json\/wp\/v2\/pages\/4269\/revisions\/5637"}],"wp:attachment":[{"href":"https:\/\/1tile.store\/upcycling%20art\/wp-json\/wp\/v2\/media?parent=4269"}],"curies":[{"name":"wp","href":"https:\/\/api.w.org\/{rel}","templated":true}]}}