{"id":4265,"date":"2021-04-06T22:34:57","date_gmt":"2021-04-06T22:34:57","guid":{"rendered":"http:\/\/1tile.store\/?page_id=4265"},"modified":"2025-02-03T17:26:56","modified_gmt":"2025-02-03T16:26:56","slug":"koszty-dostawy","status":"publish","type":"page","link":"https:\/\/1tile.store\/upcycling%20art\/koszty-dostawy\/","title":{"rendered":"Koszty dostawy"},"content":{"rendered":"\n<div class=\"wp-block-group alignfull has-white-background-color has-background is-layout-flow wp-block-group-is-layout-flow\"><div class=\"wp-block-group__inner-container\">\n<h1 class=\"wp-block-heading has-text-align-center has-text-color has-link-color has-large-font-size wp-elements-319ad231ea60c7a855d9875b328ce8e5\" style=\"color:#8b6ea5\">Koszty dostawy<\/h1>\n<\/div><\/div>\n\n\n\n<div class=\"wp-block-group alignfull has-background is-layout-flow wp-block-group-is-layout-flow\" style=\"background-color:#f8f6f3\"><div class=\"wp-block-group__inner-container\">\n<div class=\"wp-block-columns are-vertically-aligned-center is-layout-flex wp-container-core-columns-is-layout-28f84493 wp-block-columns-is-layout-flex\">\n<div class=\"wp-block-column is-vertically-aligned-center is-layout-flow wp-block-column-is-layout-flow\">\n<h2 class=\"wp-block-heading has-text-align-center has-vivid-red-color has-text-color has-medium-font-size\">Paczkomat<\/h2>\n\n\n\n<p class=\"has-text-align-center has-vivid-cyan-blue-color has-text-color has-link-color wp-elements-a924518e7ac17ed32a9ce2c5aea22575\">po przedp\u0142acie: 12 z\u0142<br>za pobraniem: 17 z\u0142<\/p>\n<\/div>\n\n\n\n<div class=\"wp-block-column is-vertically-aligned-center is-layout-flow wp-block-column-is-layout-flow\">\n<h2 class=\"wp-block-heading has-text-align-center has-vivid-red-color has-text-color has-medium-font-size\">Poczta Polska<\/h2>\n\n\n\n<p class=\"has-text-align-center has-vivid-cyan-blue-color has-text-color has-link-color wp-elements-7babf6fa5ec3326740a2e21a7f9c5262\">po przedp\u0142acie: 13 z\u0142<br>za pobraniem: 18 z\u0142<\/p>\n<\/div>\n\n\n\n<div class=\"wp-block-column is-vertically-aligned-center is-layout-flow wp-block-column-is-layout-flow\">\n<h2 class=\"wp-block-heading has-text-align-center has-vivid-red-color has-text-color has-medium-font-size\">Kurier<\/h2>\n\n\n\n<p class=\"has-text-align-center has-vivid-cyan-blue-color has-text-color has-link-color wp-elements-4b16e8eb2de1851b937a6813a8f01747\">po przedp\u0142acie: 12 z\u0142<br>za pobraniem: 15 z\u0142<\/p>\n<\/div>\n<\/div>\n<\/div><\/div>\n\n\n\n<div class=\"wp-block-cover alignfull is-light\" style=\"min-height:750px;aspect-ratio:unset;\"><span aria-hidden=\"true\" class=\"wp-block-cover__background has-white-background-color has-background-dim-70 has-background-dim\"><\/span><img data-recalc-dims=\"1\" decoding=\"async\" class=\"wp-block-cover__image-background wp-image-3627\" alt=\"\" src=\"https:\/\/i0.wp.com\/1tile.store\/wp-content\/uploads\/2020\/09\/leaves-bg.jpg\" style=\"object-position:65% 70%\" data-object-fit=\"cover\" data-object-position=\"65% 70%\"\/><div class=\"wp-block-cover__inner-container is-layout-flow wp-block-cover-is-layout-flow\">\n<h2 class=\"wp-block-heading has-text-align-center has-text-color has-large-font-size\" style=\"color:#5c9eb0\">Cz\u0119ste pytania o dostaw\u0119<\/h2>\n\n\n\n<figure class=\"wp-block-image aligncenter size-thumbnail is-resized is-style-default\"><img data-recalc-dims=\"1\" loading=\"lazy\" decoding=\"async\" width=\"150\" height=\"100\" src=\"https:\/\/i0.wp.com\/1tile.store\/wp-content\/uploads\/2024\/07\/przetwnik.jpg?resize=150%2C100&#038;ssl=1\" alt=\"\" class=\"wp-image-5284\" style=\"aspect-ratio:16\/9;object-fit:cover;width:100px\" srcset=\"https:\/\/i0.wp.com\/1tile.store\/wp-content\/uploads\/2024\/07\/przetwnik.jpg?resize=150%2C100&amp;ssl=1 150w, https:\/\/i0.wp.com\/1tile.store\/wp-content\/uploads\/2024\/07\/przetwnik.jpg?zoom=2&amp;resize=150%2C100&amp;ssl=1 300w\" sizes=\"auto, (max-width: 150px) 100vw, 150px\" \/><\/figure>\n\n\n\n<div class=\"wp-block-columns are-vertically-aligned-top is-layout-flex wp-container-core-columns-is-layout-28f84493 wp-block-columns-is-layout-flex\">\n<div class=\"wp-block-column is-vertically-aligned-top is-layout-flow wp-block-column-is-layout-flow\">\n<div class=\"wp-block-group is-layout-flow wp-block-group-is-layout-flow\"><div class=\"wp-block-group__inner-container\">\n<h5 class=\"wp-block-heading has-text-color\" style=\"color:#d17a8d\"><strong>Jakim kurierem wysy\u0142ane s\u0105 paczki?<\/strong><\/h5>\n\n\n\n<p class=\"has-text-color\" style=\"color:#333333\">Nasz sklep preferuje DHL i kurier\u00f3w InPost<\/p>\n\n\n\n<h5 class=\"wp-block-heading has-text-color\" style=\"color:#d17a8d\"><strong>Czy mo\u017cna zam\u00f3wienie odebra\u0107 osobi\u015bcie? <\/strong><\/h5>\n\n\n\n<p class=\"has-text-color\" style=\"color:#333333\">Zapraszamy ! Po uprzednim um\u00f3wieniu si\u0119 zam\u00f3wienie mozna odebra\u0107 osobi\u015bcie.<\/p>\n\n\n\n<h5 class=\"wp-block-heading has-text-color\" style=\"color:#d17a8d\"><strong>Czy mo\u017cna wys\u0142a\u0107 kafelki na prezent? <\/strong><\/h5>\n\n\n\n<p class=\"has-text-color\" style=\"color:#333333\">Mo\u017cna ! Nasz sklep za niewielk\u0105 op\u0142at\u0105 zapakuje wybrane przedmioty na prezent<\/p>\n<\/div><\/div>\n<\/div>\n\n\n\n<div class=\"wp-block-column is-vertically-aligned-top is-layout-flow wp-block-column-is-layout-flow\">\n<div class=\"wp-block-group is-layout-flow wp-block-group-is-layout-flow\"><div class=\"wp-block-group__inner-container\">\n<h5 class=\"wp-block-heading has-text-color\" style=\"color:#d17a8d\"><strong>Jak d\u0142ugo trzeba czeka\u0107 na dostaw\u0119?<\/strong><\/h5>\n\n\n\n<p class=\"has-text-color\" style=\"color:#333333\">Dostawa  ma miejsce w 3-5 dni roboczych<\/p>\n\n\n\n<h5 class=\"wp-block-heading has-text-color\" style=\"color:#d17a8d\"><strong>Czy mo\u017cna po\u0142\u0105czy\u0107 kilka zam\u00f3wie\u0144 w jedn\u0105 paczk\u0119?<\/strong><\/h5>\n\n\n\n<p class=\"has-text-color\" style=\"color:#333333\">Oczywi\u015bcie! Nasz sklep odpowiednio zapakuje poszczeg\u00f3lne przedmioty po\u0142\u0105czone w jedn\u0105 paczk\u0119<\/p>\n\n\n\n<h5 class=\"wp-block-heading has-text-color\" style=\"color:#d17a8d\">Czy jest darmowa dostawa?<\/h5>\n\n\n\n<p class=\"has-text-color\" style=\"color:#333333\">Jest ! darmowa dostawa kurierem przy zam\u00f3wieniach powy\u017cej 2000 PLN<\/p>\n<\/div><\/div>\n<\/div>\n<\/div>\n<\/div><\/div>\n","protected":false},"excerpt":{"rendered":"<p>Koszty dostawy Paczkomat po przedp\u0142acie: 12 z\u0142za pobraniem: 17 z\u0142 Poczta Polska po przedp\u0142acie: 13 z\u0142za pobraniem: 18 z\u0142 Kurier po przedp\u0142acie: 12 z\u0142za pobraniem: 15 z\u0142<\/p>\n","protected":false},"author":1,"featured_media":0,"parent":0,"menu_order":0,"comment_status":"closed","ping_status":"closed","template":"","meta":{"_uag_custom_page_level_css":"","site-sidebar-layout":"no-sidebar","site-content-layout":"plain-container","ast-site-content-layout":"normal-width-container","site-content-style":"unboxed","site-sidebar-style":"unboxed","ast-global-header-display":"","ast-banner-title-visibility":"","ast-main-header-display":"","ast-hfb-above-header-display":"","ast-hfb-below-header-display":"","ast-hfb-mobile-header-display":"","site-post-title":"disabled","ast-breadcrumbs-content":"","ast-featured-img":"disabled","footer-sml-layout":"","ast-disable-related-posts":"","theme-transparent-header-meta":"default","adv-header-id-meta":"","stick-header-meta":"default","header-above-stick-meta":"","header-main-stick-meta":"","header-below-stick-meta":"","astra-migrate-meta-layouts":"set","ast-page-background-enabled":"default","ast-page-background-meta":{"desktop":{"background-color":"","background-image":"","background-repeat":"repeat","background-position":"center center","background-size":"auto","background-attachment":"scroll","background-type":"","background-media":"","overlay-type":"","overlay-color":"","overlay-opacity":"","overlay-gradient":""},"tablet":{"background-color":"","background-image":"","background-repeat":"repeat","background-position":"center center","background-size":"auto","background-attachment":"scroll","background-type":"","background-media":"","overlay-type":"","overlay-color":"","overlay-opacity":"","overlay-gradient":""},"mobile":{"background-color":"","background-image":"","background-repeat":"repeat","background-position":"center center","background-size":"auto","background-attachment":"scroll","background-type":"","background-media":"","overlay-type":"","overlay-color":"","overlay-opacity":"","overlay-gradient":""}},"ast-content-background-meta":{"desktop":{"background-color":"var(--ast-global-color-5)","background-image":"","background-repeat":"repeat","background-position":"center center","background-size":"auto","background-attachment":"scroll","background-type":"","background-media":"","overlay-type":"","overlay-color":"","overlay-opacity":"","overlay-gradient":""},"tablet":{"background-color":"var(--ast-global-color-5)","background-image":"","background-repeat":"repeat","background-position":"center center","background-size":"auto","background-attachment":"scroll","background-type":"","background-media":"","overlay-type":"","overlay-color":"","overlay-opacity":"","overlay-gradient":""},"mobile":{"background-color":"var(--ast-global-color-5)","background-image":"","background-repeat":"repeat","background-position":"center center","background-size":"auto","background-attachment":"scroll","background-type":"","background-media":"","overlay-type":"","overlay-color":"","overlay-opacity":"","overlay-gradient":""}},"footnotes":""},"class_list":["post-4265","page","type-page","status-publish","hentry"],"uagb_featured_image_src":{"full":false,"thumbnail":false,"medium":false,"medium_large":false,"large":false,"gs-tiny":false,"xl":false,"xxl":false,"xxxl":false,"xxxxl":false,"xxxxxl":false,"1536x1536":false,"2048x2048":false,"woocommerce_thumbnail":false,"woocommerce_single":false,"woocommerce_gallery_thumbnail":false},"uagb_author_info":{"display_name":"Edyta Wo\u017aniak","author_link":"https:\/\/1tile.store\/upcycling%20art\/author\/gmee0oil\/"},"uagb_comment_info":0,"uagb_excerpt":"Koszty dostawy Paczkomat po przedp\u0142acie: 12 z\u0142za pobraniem: 17 z\u0142 Poczta Polska po przedp\u0142acie: 13 z\u0142za pobraniem: 18 z\u0142 Kurier po przedp\u0142acie: 12 z\u0142za pobraniem: 15 z\u0142","_links":{"self":[{"href":"https:\/\/1tile.store\/upcycling%20art\/wp-json\/wp\/v2\/pages\/4265","targetHints":{"allow":["GET"]}}],"collection":[{"href":"https:\/\/1tile.store\/upcycling%20art\/wp-json\/wp\/v2\/pages"}],"about":[{"href":"https:\/\/1tile.store\/upcycling%20art\/wp-json\/wp\/v2\/types\/page"}],"author":[{"embeddable":true,"href":"https:\/\/1tile.store\/upcycling%20art\/wp-json\/wp\/v2\/users\/1"}],"replies":[{"embeddable":true,"href":"https:\/\/1tile.store\/upcycling%20art\/wp-json\/wp\/v2\/comments?post=4265"}],"version-history":[{"count":3,"href":"https:\/\/1tile.store\/upcycling%20art\/wp-json\/wp\/v2\/pages\/4265\/revisions"}],"predecessor-version":[{"id":5827,"href":"https:\/\/1tile.store\/upcycling%20art\/wp-json\/wp\/v2\/pages\/4265\/revisions\/5827"}],"wp:attachment":[{"href":"https:\/\/1tile.store\/upcycling%20art\/wp-json\/wp\/v2\/media?parent=4265"}],"curies":[{"name":"wp","href":"https:\/\/api.w.org\/{rel}","templated":true}]}}